What is the greatest common factor of 5403321 and 623?
7
What is the greatest common divisor of 36 and 1965312?
36
Calculate the greatest common divisor of 33 and 234323980.
11
Calculate the highest common divisor of 267161 and 280151.
433
Calculate the greatest common divisor of 18601407 and 3159.
243
What is the highest common factor of 779587980 and 60?
60
Calculate the highest common divisor of 16704 and 2461491.
261
What is the greatest common divisor of 1031910 and 363?
33
Calculate the greatest common divisor of 46137836 and 4.
4
What is the greatest common factor of 708 and 31356?
12
What is the highest common factor of 5423 and 529859?
319
What is the highest common factor of 833 and 7974683?
17
What is the highest common factor of 6939 and 4348954?
257
What is the greatest common divisor of 1710954 and 12111?
1101
What is the greatest common divisor of 8829657 and 1278?
9
What is the highest common divisor of 551670 and 240093?
777
Calculate the highest common divisor of 9506 and 11269363.
4753
Calculate the greatest common divisor of 1374939 and 1368810.
2043
What is the highest common factor of 100184235 and 632490?
10905
Calculate the highest common divisor of 1972 and 9073404.
116
What is the greatest common divisor of 3 and 92051?
1
What is the greatest common factor of 338 and 42875807?
169
What is the highest common divisor of 56337232 and 592?
16
Calculate the highest common factor of 34 and 1134259822.
34
Calculate the highest common divisor of 6909395 and 4495.
145
Calculate the greatest common factor of 21851560 and 220.
20
Calculate the highest common factor of 42 and 112857012.
6
What is the highest common factor of 8415715 and 175?
35
Calculate the greatest common divisor of 1822 and 1801503411.
911
Calculate the greatest common factor of 58569 and 5523.
21
What is the highest common divisor of 4725 and 207445?
35
Calculate the highest common factor of 122016410 and 123.
41
Calculate the highest common factor of 17265315 and 3.
3
Calculate the greatest common divisor of 3605 and 2018814420.
3605
What is the greatest common factor of 1664 and 5577000?
104
What is the greatest common factor of 27830 and 1773530?
2530
What is the highest common factor of 7335 and 91347645?
2445
What is the highest common divisor of 48 and 108240?
48
What is the greatest common factor of 5894207 and 6248?
781
What is the greatest common divisor of 99 and 47179902?
33
Calculate the greatest common factor of 8032845 and 75.
15
What is the highest common factor of 90005 and 10669?
47
What is the greatest common factor of 8647155 and 972?
243
Calculate the highest common divisor of 10072107 and 1629.
1629
What is the highest common factor of 22195 and 852265?
115
Calculate the highest common factor of 301299649 and 14.
7
Calculate the greatest common divisor of 10237 and 799124.
29
What is the greatest common divisor of 340 and 241671740?
20
What is the highest common divisor of 6528 and 1178610?
102
What is the greatest common divisor of 360 and 11665240?
40
What is the greatest common factor of 43281 and 25487?
7
What is the highest common divisor of 1926 and 31525731?
963
What is the highest common divisor of 128728 and 64?
8
Calculate the highest common divisor of 133756530 and 732.
366
What is the greatest common divisor of 123948 and 26?
2
What is the greatest common divisor of 382 and 658149137?
191
Calculate the highest common factor of 1213695 and 90.
45
What is the highest common divisor of 1043340 and 228?
12
What is the greatest common divisor of 255581323 and 97?
97
What is the greatest common divisor of 113403640 and 294?
98
Calculate the highest common divisor of 394348 and 75884.
1244
What is the highest common factor of 42272 and 6112?
32
Calculate the greatest common factor of 6027918 and 872.
218
Calculate the highest common divisor of 690781 and 11375.
91
Calculate the highest common factor of 18820 and 158720.
20
What is the greatest common factor of 844 and 921226?
422
Calculate the highest common divisor of 23486 and 814.
2
What is the greatest common divisor of 53012800 and 23800?
3400
Calculate the highest common factor of 7050760 and 2620.
20
Calculate the highest common factor of 2069385 and 4656767.
2603
Calculate the greatest common factor of 60557381 and 83.
83
Calculate the highest common factor of 59 and 7557841.
59
Calculate the greatest common divisor of 16696532 and 4.
4
What is the greatest common divisor of 2910 and 418927092?
582
What is the highest common factor of 336 and 676259920?
112
Calculate the greatest common factor of 15903954 and 594.
198
Calculate the greatest common factor of 4662 and 216598.
74
Calculate the highest common divisor of 53171471 and 7366.
3683
What is the highest common factor of 12508650 and 684?
342
What is the highest common factor of 1710 and 3911454?
342
What is the greatest common divisor of 3 and 46303293?
3
What is the highest common divisor of 854391 and 170469?
93
What is the highest common divisor of 6432 and 104721?
201
What is the greatest common divisor of 156 and 377097123?
39
Calculate the greatest common divisor of 7244 and 34202546.
3622
What is the highest common divisor of 89892 and 1424652?
2724
What is the greatest common factor of 157539 and 305439?
51
What is the greatest common factor of 636127 and 775569?
617
Calculate the greatest common factor of 35 and 74118665.
5
Calculate the highest common factor of 207829818 and 14.
14
Calculate the greatest common divisor of 17920 and 788648.
56
Calculate the greatest common divisor of 16908236 and 328.
164
Calculate the greatest common factor of 6127242 and 825.
33
Calculate the highest common divisor of 291704466 and 134.
134
Calculate the greatest common divisor of 884370240 and 57512.
8216
Calculate the greatest common factor of 4028 and 3304444.
212
What is the highest common factor of 11942 and 129438485?
853
Calculate the greatest common factor of 1701 and 26062239.
21
What is the highest common factor of 64545 and 4221165?
195
Calculate the greatest common factor of 5365263342 and 102.
102
What is the highest common factor of 39321216 and 576?
576
What is the greatest common divisor of 5460103 and 1177?
1177
Calculate the highest common divisor of 46848 and 1362801.
183
Calculate the highest common factor of 304 and 31263208.
152
Calculate the highest common factor of 792 and 11670340.
44
Calculate the greatest common factor of 7729371 and 7254.
117
Calculate the greatest common factor of 1188 and 25135572.
132
What is the greatest common divisor of 136 and 5450047?
17
Calculate the greatest common factor of 7795011 and 3297.
21
What is the highest common divisor of 33345620 and 36700?
7340
Calculate the greatest common factor of 13754 and 11088898.
1058
What is the highest common divisor of 2909749 and 4?
1
Calculate the greatest common divisor of 88 and 130915840.
88
What is the greatest common factor of 35328030 and 5586?
114
What is the greatest common factor of 23882031 and 171?
171
Calculate the greatest common divisor of 972 and 179580402.
486
What is the greatest common factor of 3030300 and 8255?
65
What is the greatest common divisor of 84958272 and 294?
42
What is the highest common divisor of 306 and 107537922?
18
Calculate the greatest common divisor of 305 and 1595080.
5
What is the greatest common factor of 25007 and 54884481?
1471
Calculate the greatest common factor of 323541 and 92529.
621
Calculate the greatest common divisor of 138686719 and 38.
19
What is the greatest common factor of 13537768 and 12?
4
What is the highest common factor of 38042844 and 412?
412
What is the highest common divisor of 255017 and 20944?
119
What is the highest common divisor of 24479620 and 220?
220
Calculate the highest common divisor of 1175 and 124025.
25
What is the highest common factor of 1059451 and 8854?
233
Calculate the highest common factor of 345 and 20737881.
69
Calculate the greatest common factor of 16641 and 10577484.
387
What is the highest common factor of 34470 and 3980340?
90
What is the greatest common factor of 11152 and 560720?
16
Calculate the greatest common factor of 6138 and 237894.
186
Calculate the greatest common factor of 242 and 31886041.
121
What is the greatest commo